mine d(-34).
-3
Let x(v) = -29*v + 1297. Give x(69).
-704
Let c(x) = -221*x**2 + 255*x - 510. Determine c(2).
-884
Let u(p) = -p**3 + 20*p**2 + 2016*p - 18. Calculate u(56).
-18
Let o(w) = -101524*w - 17969752. Determine o(-177).
-4
Let q(b) = -14*b**3 - 126*b**2 - 2*b + 77. What is q(-9)?
95
Let z(v) = -v**3 + 107*v**2 - 131*v + 2195. Calculate z(106).
-455
Let b(p) = -2599*p - 374288. What is b(-144)?
-32
Let m(a) = -704*a + 2239. What is m(3)?
127
Let a(c) = -264*c + 30623. Determine a(116).
-1
Let r(w) = -1978*w**2 - 86*w - 4. What is r(1)?
-2068
Let r(t) = 524*t - 105569. Calculate r(201).
-245
Let w(i) = 2*i**2 - 24206*i - 24207. Give w(-1).
1
Let b(y) = -38*y**2 + 1214*y + 42. Give b(31).
1158
Let r(b) = -b**3 - 9*b**2 - 5*b - 395. Calculate r(-16).
1477
Let j(v) = v**2 + 4*v + 312. Determine j(-17).
533
Let r(u) = u**3 - 432*u**2 + 16372*u + 3119. What is r(390)?
-1
Let q(y) = -11*y**2 + 73*y + 3576. Calculate q(-15).
6
Let z(i) = -i**3 + 21*i**2 + 31127*i - 218573. Determine z(7).
2
Let j(o) = -200*o**2 - 6594*o + 201. Give j(-33).
3
Let s(n) = -n**2 + 158177*n - 632695. What is s(4)?
-3
Let g(m) = 590*m - 266020. What is g(450)?
-520
Let u(d) = -21594*d + 2375342. Give u(110).
2
Let b(j) = -3*j**3 + 57*j**2 - 15*j + 35. Give b(12).
2879
Let y(s) = -s**3 - 37*s**2 + s + 1610. Give y(-37).
1573
Let o(v) = -360395*v + 360394. What is o(1)?
-1
Let x(t) = 1560*t - 19206. Calculate x(12).
-486
Let q(t) = -t**2 - 86*t + 21859. Calculate q(111).
-8
Let p(o) = -1917*o**3 - 38339*o**2 + 19*o - 24. Determine p(-20).
-4
Let v(d) = -82691*d - 67558553. Give v(-817).
-6
Let i(f) = -f**3 - 218*f**2 + 892*f + 811. What is i(-222)?
-77
Let b(w) = 147*w - 66168. Calculate b(448).
-312
Let k(o) = -4*o**3 - 30*o**2 + 55*o + 316. Determine k(-8).
4
Let r(q) = 2429*q**2 + 228330*q + 373. Calculate r(-94).
-3
Let w(p) = 221*p**3 - 4420*p**2 + 172*p - 3430. Determine w(20).
10
Let u(k) = -135238*k - 540959. Give u(-4).
-7
Let s(h) = -11*h**2 + 693*h - 2058. Give s(3).
-78
Let w(z) = -7827*z + 203728. What is w(26)?
226
Let m(v) = -v**3 + 18*v**2 - 89*v + 798. Determine m(15).
138
Let k(j) = -2*j**2 - 352*j - 15118. Determine k(-73).
-80
Let j(y) = -341*y**3 + 2045*y**2 - 35*y + 235. Calculate j(6).
-11
Let a(i) = 195*i - 6447. What is a(33)?
-12
Let n(l) = 889*l - 193831. Determine n(218).
-29
Let n(r) = 9*r**2 + 481*r + 203. Calculate n(-59).
3153
Let x(g) = -2*g**2 - 244*g + 25718. What is x(-190)?
-122
Let q(n) = 1253*n**2 - 16671*n + 4952. Give q(13).
-14
Let p(t) = -t**3 + 44*t**2 - 283*t + 813. Calculate p(36).
993
Let t(z) = -1681*z - 18497. Calculate t(-11).
-6
Let b(r) = 7*r**2 + 1017*r + 33308. Calculate b(-96).
188
Let y(d) = d**2 + 5590*d - 2300357. Give y(385).
18
Let v(d) = 13*d**2 + 693*d + 2580. Determine v(-49).
-164
Let z(h) = -6*h**2 - 146*h - 1091. What is z(-7)?
-363
Let s(k) = 2*k**3 + 54*k**2 - 500*k + 2257. Determine s(-35).
157
Let u(o) = -2*o**3 - o**2 - 143*o + 45. Calculate u(0).
45
Let d(g) = -91*g**3 - 4*g**2 + 381*g - 760. Calculate d(2).
-742
Let k(r) = -2050*r - 22193. What is k(-11)?
357
Let i(f) = -178*f**2 - 1429*f - 2160. What is i(-6)?
6
Let r(c) = -575*c**2 + 5745*c + 43. What is r(10)?
-7
Let j(r) = 63338*r + 1900109. Give j(-30).
-31
Let c(s) = -4*s**2 - 141*s + 6. What is c(-15)?
1221
Let b(i) = -6*i**3 - 291*i**2 - 124*i + 944. Calculate b(-48).
-16
Let v(y) = 1961*y - 8088. Calculate v(4).
-244
Let l(g) = -g**3 + 9*g**2 + 320*g - 3505. Calculate l(14).
-5
Let h(p) = 2*p**2 + 3719*p - 48428. Determine h(13).
257
Let h(y) = -47*y**2 - 354*y + 1992. Determine h(5).
-953
Let o(t) = -40*t**2 - 3906*t + 951. Give o(-98).
-421
Let w(s) = -s**3 - 44*s**2 - 210*s - 7160. Give w(-43).
21
Let g(k) = k**2 - 134*k - 6927. Give g(154).
-3847
Let j(o) = -10*o**3 - 414*o**2 + 386*o + 33. Determine j(1).
-5
Let z(f) = -f**2 - 37*f + 2827. Give z(40).
-253
Let o(p) = -2793*p - 47480. Give o(-17).
1
Let c(h) = 220*h - 1260. Calculate c(12).
1380
Let s(i) = -2*i**3 - 13*i**2 + 81*i + 438. What is s(-6)?
-84
Let f(n) = 9353*n + 46737. Calculate f(-5).
-28
Let h(t) = -219*t + 9108. Calculate h(42).
-90
Let a(s) = s**3 + 37*s**2 + 1778*s - 33. Determine a(0).
-33
Let z(j) = j**3 - 81*j**2 + 423*j + 1394. Determine z(75).
-631
Let x(s) = -367*s + 7336. What is x(20)?
-4
Let v(d) = -25347*d - 76035. Give v(-3).
6
Let h(m) = -m**2 + 363*m + 11768. Give h(393).
-22
Let o(m) = 8*m**2 - 237*m + 128. Determine o(14).
-1622
Let b(c) = 886*c**2 - 2602*c + 26. What is b(3)?
194
Let t(l) = -l**3 - 30*l**2 - 23*l - 2755. Calculate t(-32).
29
Let v(n) = -46*n**2 + 65*n + 22. Determine v(1).
41
Let t(l) = 12*l**2 - 7339*l - 36. What is t(0)?
-36
Let x(r) = -230*r - 2954. Calculate x(-13).
36
Let r(i) = -58371*i - 875559. What is r(-15)?
6
Let a(v) = -8593*v - 902273. Determine a(-105).
-8
Let p(j) = 4*j**3 - 345*j**2 + 3876*j - 860. Give p(13).
11
Let d(s) = -1350*s - 90452. Determine d(-67).
-2
Let m(n) = -n**3 - 69*n**2 + 193*n + 8643. Give m(-70).
33
Let r(i) = 2*i**2 + 5239*i - 47315. Calculate r(9).
-2
Let i(w) = -23870*w - 3150816. Determine i(-132).
24
Let k(a) = 12*a**3 - 12*a**2 + 14*a - 85. Determine k(6).
2159
Let v(r) = -5*r**3 - 30*r**2 + 651*r + 3934. Determine v(-6).
28
Let u(f) = -2*f**3 - 114*f**2 + 139*f - 286. What is u(-58)?
-1620
Let v(p) = 219*p - 27004. Give v(121).
-505
Let o(n) = -633*n**2 - 4249*n - 8499. Determine o(-2).
-2533
Let o(i) = -75*i**3 + 404*i**2 - 120*i. What is o(5)?
125
Let r(l) = 525*l - 55411. Determine r(104).
-811
Let s(a) = -4300*a + 68982. Determine s(16).
182
Let k(z) = -z**3 - 18*z**2 - 354*z - 4156. Determine k(-14).
16
Let h(g) = 3688*g + 205858. Determine h(-56).
-670
Let a(c) = -c**3 - 9*c**2 + 91*c + 377. What is a(-15)?
362
Let d(z) = z**2 - 108*z + 955. Give d(20).
-805
Let d(v) = 7924*v + 23764. Give d(-3).
-8
Let u(i) = 3*i**2 - 641*i + 7532. Calculate u(12).
272
Let n(p) = -p**2 - 1913*p + 52532. Calculate n(27).
152
Let m(a) = a**3 + 103*a - 337. What is m(3)?
-1
Let w(t) = t**2 + 3960*t + 145445. Calculate w(-37).
294
Let r(g) = g**2 + 488*g + 43888. Calculate r(-119).
-23
Let t(a) = 128*a - 570. What is t(3)?
-186
Let c(n) = 3*n**3 - 17*n**2 + 24*n - 22. Calculate c(4).
-6
Let x(k) = -1032*k**2 - 86753*k - 5464. Calculate x(-84).
-4
Let n(y) = 3316407*y - 63011735. Determine n(19).
-2
Let x(f) = -f**3 + 25*f**2 - 2721*f - 41777. Calculate x(-13).
18
Let o(h) = -h**2 - 235*h - 5084. Calculate o(-26).
350
Let t(l) = -332*l - 2112. What is t(-12)?
1872
Let f(s) = 5*s**2 - 400*s - 5555. What is f(-14)?
1025
Let v(d) = -d**2 - 390*d - 34943. What is v(-139)?
-54
Let f(j) = -j - 2252. What is f(178)?
-2430
Let k(h) = -8*h**2 - 1551*h + 16315. Determine k(10).
5
Let u(h) = 15*h**2 + 2888*h + 14034. What is u(-5)?
-31
Let w(j) = j**3 - 215*j**2 + 435*j - 15. Give w(2).
3
Let q(w) = w**2 + 74*w - 355. Determine q(-87).
776
Let i(z) = z**3 + 558*z**2 - 62037*z - 1305. What is i(-653)?
1
Let k(x) = -2*x**3 + 128*x**2 + x + 29. What is k(0)?
29
Let j(u) = -u**3 - 65*u**2 - 901*u + 424. Calculate j(-45).
469
Let j(o) = -271*o**2 - 21405*o + 53. Calculate j(-79).
-263
Let l(y) = -8*y**3 - 71*y**2 + 160*y + 1567. Give l(-10).
867
Let y(n) = -n**2 + 3240*n - 12941. Determine y(4).
3
Let t(f) = 5*f**2 - 301*f - 986. Determine t(63).
-104
Let i(h) = -h**3 - 56*h**2 + 1090*h + 61142. Give i(-56).
102
Let o(i) = 468*i**2 + 129*i - 129. Give o(1).
468
Let s(k) = 48*k**2 - 172*k + 8. Give s(3).
-76
Let d(t) = -3494*t + 293602. Give d(84).
106
Let h(x) = -x**3 + 65*x**2 + 1013*x - 2285. Calculate h(2).
-7
Let x(w) = -w**3 - 66*w**2 - 49*w + 1714. Calculate x(-65).
674
Let z(j) = -11*j**2 - 91*j - 170. What is z(-4)?
18
Let c(h) = h**3 + 121*h**2 - 14*h - 29993. What is c(-119)?
-5
Let l(f) = -2515*f - 48928. What is l(-20)?
1372
Let b(y) = -8*y**2 + 7*y + 34. Give b(3).
-17
Let u(n) = n**2 - 6107756*n + 54969727. Give u(9).
4
Let o(y) = -35*y - 2904. What is o(-14)?
-2414
Let f(m) = 25456*m + 6084148. Determine f(-239).
164
Let l(q) = -2*q**3 + 30*q**2 + 63*q - 1164. What is l(15)?
-219
Let z(i) = 3041*i + 1848933. Determine z(-608).
5
Let p(y) = 9*y**3 + 539*y**2 + 4807*y + 241. Calculate p(-49).
-4
Let b(j) = -j**3 - 22*j**2 + 133*j + 2143. Determine b(-8).
183
Let a(s) = -1607*s**2 + 599412*s - 387. What